 + 2*n + 3 + 4*n**2 + n**2. What is the remainder when t(-3) is divided by 20?
17
Suppose 0 = -18*m + 13*m + 4*y + 92, m - 4 = -4*y. What is the remainder when 440 is divided by m?
8
Suppose -3*a + 61 = -o, -246*o = -a - 243*o - 9. Suppose -g = -x + 32, 3*g = -6*x + 3*x + 126. What is the remainder when x is divided by a?
13
Suppose 10 + 25 = -5*q. Let g(o) = 2*o**3 + 14*o**2 - 2*o + 12. What is the remainder when g(q) is divided by 10?
6
Let x be 121/1 - (0 - 2). Suppose -4*a + x + 21 = 0. Suppose 4*r - 4*k - 319 + 39 = 0, -5*r + 2*k = -347. What is the remainder when r is divided by a?
33
Suppose 17 = 3*q + 5. Let v be ((-132)/60)/(2/(-10)). Suppose -2 = -13*s + v. What is the remainder when q is divided by s?
0
Suppose -4*l + 16 = 0, 2 = 2*p + 2*l - 4*l. Suppose 1 = 4*u - p*u, 5*u = -2*s + 67. What is the remainder when 126 is divided by s?
18
Let t(o) = -2*o - 6. Let g be t(-4). Suppose 5*q - 95 = -v, -4*v + 2*q + g*q + 452 = 0. Suppose 3*z = -20 + v. Calculate the remainder when 89 is divided by z.
29
Let n = -93 + 97. Suppose 5*h - 5*f + 6*f = 20, 4*h = n*f + 16. Suppose 5*x - 250 + 63 = h*z, x + z - 41 = 0. What is the remainder when x is divided by 20?
19
Suppose i + 5*h = 122, -213*i + 214*i = -4*h + 129. Calculate the remainder when 180 is divided by i.
23
Let l = -146 + 154. Suppose l*q - 5*q = -15, -2*q - 514 = -4*d. What is the remainder when d is divided by 43?
40
Suppose -4*t = 79 + 73. Let w = t + 61. Let z = 381 + -375. What is the remainder when w is divided by z?
5
Suppose 2*k + q + 26 = 0, -2*k + 3*q + 1 = 27. Let y(g) = 3*g + 37. Let o be y(k). Let i = o + 11. What is the remainder when 23 is divided by i?
5
Let m(b) = -3*b**3 - 8*b**2 - 3*b + 3. Let i be m(-3). Suppose 1435 = 4*h + 22*p - i*p, -704 = -2*h + 4*p. Calculate the remainder when h is divided by 11.
6
Let b(j) = -3*j**2 - 106*j + 75. Let y be b(-36). Suppose -3*a = -12, c = -y*c + 4*a + 1796. What is the remainder when c is divided by 13?
11
Calculate the remainder when (7/(56/48))/((-4)/(-206)) is divided by 51.
3
Let t = 10 + 66. What is the remainder when t is divided by ((-1)/(-3))/((-26)/(-2574))?
10
Let z(v) = 2*v**3 - 24*v**2 - 17*v + 235. What is the remainder when 515 is divided by z(12)?
19
Suppose -31*d = -5*d + 1352. Let s(l) = 2*l**2 + 99*l - 175. Calculate the remainder when s(d) is divided by 23.
16
Let d(b) = 6*b**3 + 2*b**2 - 10*b + 1. Let p be d(4). Suppose -103 - p = -5*u. Calculate the remainder when u is divided by (1 - -3)*11/4.
8
Let y(c) = 2*c**3 - 7*c**2 + 4*c + 1. What is the remainder when (-16352)/2555 - (-507)/5 is divided by y(4)?
29
Calculate the remainder when (-43677)/(-621)*(12 + 0) is divided by 122.
112
Let o be ((-64)/(-4))/(-4) - -22. Let d be (5 + -7)/(4/22). Let l = o + d. What is the remainder when 9 is divided by l?
2
Let c(l) = -74*l**3 - 22*l**2 - 30*l - 9. Calculate the remainder when 308 is divided by c(-1).
16
Calculate the remainder when 1670 is divided by (-132)/99 + 35/24 + 286/16.
14
Suppose 428 - 3263 = 9*f. Let d = -289 - f. What is the remainder when 45 is divided by d?
19
Let q(m) = m**3 + 14*m**2 + 26*m + 26. Let j be q(-12). Let v be 12/j - (-18 - -23). Suppose -h = -8 - v. What is the remainder when 42 is divided by h?
6
Let a(i) = i**2 + 152*i + 4988. What is the remainder when 115 is divided by a(-106)?
3
Let a = -269 - -276. Suppose -3*c - 8*f = -a*f - 25, 5*f = 20. What is the remainder when 1 - (-36)/8*10 is divided by c?
4
Suppose -5*l - 25 = 0, -3*j - j + 9 = 3*l. Suppose 4*f + 5*a - 779 = j*a, 2*a = -5*f + 977. Calculate the remainder when f is divided by 66.
63
Calculate the remainder when 460 is divided by ((-938)/(-112) - (-3)/(-8))*2.
12
Let c(v) = -v**3 + 13*v**2 + 10*v + 30. Let s be c(13). Let a = s + -147. Calculate the remainder when 39 is divided by a.
0
Let y = -624 - -626. Suppose 3*k - 54*v = -58*v + 154, y*k - 112 = 2*v. What is the remainder when 213 is divided by k?
51
Let v = -175 - -177. Suppose -15 = -5*u, 5*q - v*u - 51 = -4*u. What is the remainder when 16 is divided by q?
7
What is the remainder when -21 - 103106/(-403) - 2/(-13) is divided by 55?
15
Suppose g = 4*i + 5, g - 2*i - 9 = -2. Suppose 2*m - 4*o = 216, m + 14*o - g*o = 122. Let s = 23 + -4. Calculate the remainder when m is divided by s.
17
Let z = -62 + 63. Let b be (-4 - (-1 + 2))*(0 - z). Suppose -4*n + 8 = -8*o + b*o, -4*n = 4*o - 36. What is the remainder when 8 is divided by n?
3
Suppose 0*h + 5*x + 702 = 3*h, 0 = -h - 3*x + 234. What is the remainder when 116 is divided by ((-28)/(-12) + -3)/((-4)/h)?
38
Suppose 5*b - 224 = -v, 44*v + 992 = 48*v + 4*b. What is the remainder when v is divided by 57?
26
Let b be 4 - 5/15*9. What is the remainder when 70 is divided by (95 + b)/2*3/6?
22
Suppose -3*d - 4*c + 117 = -180, 5*d - 565 = 5*c. Calculate the remainder when 211 is divided by d.
104
Let n(b) = 623*b + 1630. What is the remainder when n(-2) is divided by 196?
188
Let f(w) = 6*w**2 - 79*w - 4. What is the remainder when f(38) is divided by 19?
15
Let n(j) = 1848*j + 8580. Calculate the remainder when n(-4) is divided by 372.
72
Let a = -72 - -117. Suppose 0 = 48*b - 53*b + a. What is the remainder when 46 is divided by -1 + 7/b - 476/(-36)?
7
Let r = -15265 + 15287. What is the remainder when 3934 is divided by r?
18
Suppose -240 = -2*v + 266*p - 265*p, -500 = -4*v - 3*p. Calculate the remainder when 500 is divided by v.
12
Let f = 582 + -345. What is the remainder when f is divided by 34?
33
Suppose -20 = -2*s + 22. Let f(l) = l**2 - 16*l - 5. Calculate the remainder when s is divided by f(17).
9
Calculate the remainder when 443 is divided by (2/(-9))/(216/(-74844)).
58
Suppose -z + 60 = -101. Let u(w) = -w**3 - 53*w**2 + 116*w + 351. Calculate the remainder when z is divided by u(-55).
14
Let a = 99908 - 99788. Suppose -161 = -4*p - m, -2*m = -2*p - 7*m + 85. What is the remainder when a is divided by p?
0
Suppose y - 5*z = 51, 3*y - 52*z + 57*z - 93 = 0. Calculate the remainder when 3978 is divided by y.
18
Suppose -2*l + 41 + 320 = -5*u, -2*l = -u - 333. Calculate the remainder when 2784 is divided by l.
13
Let p = 1261 + -1166. Let k(x) be the first derivative of -4*x**2 + 1. What is the remainder when p is divided by k(-3)?
23
Let r(h) = -2*h + 18. Let b be r(7). Suppose -1760 = b*f - 24*f. What is the remainder when f is divided by 29?
1
Let u(q) = -q + 1. Let t(v) = 2*v**2 - 26*v - 38. Let m(z) = -t(z) - 6*u(z). What is the remainder when m(16) is divided by 3/((4/6)/2)?
5
Suppose -44 - 4 = -3*v. Let k = -374 + 395. Suppose 0 = o + 2*o - 2*l - k, 4*o + 4*l - 8 = 0. Calculate the remainder when v is divided by o.
1
Suppose a + 3*a - 2*j - 6 = 0, -a = 3*j - 12. Suppose a*i - 250 = 5. Let r = 111 + -82. Calculate the remainder when i is divided by r.
27
Let z = -3 + 5. Suppose 57 = 5*w + z. What is the remainder when w is divided by (-140)/(-28) - (-1 + 0 + 1)?
1
Let x = 110 + -110. Suppose -c - 2*q + 11 = x, 0 = 8*c - 5*c - 3*q - 69. Suppose -80*l + 340 = -78*l. What is the remainder when l is divided by c?
18
Let h be (3/6)/(142/(-48) - -3). Suppose n - h - 55 = 0. Let l = n + -52. Calculate the remainder when 116 is divided by l.
11
Let g = 2015 + -1960. What is the remainder when 2106 is divided by g?
16
Suppose 373 - 372 = -51*a + 2857. Calculate the remainder when 1285 is divided by a.
53
Let l(n) be the second derivative of 5*n**3/6 - 4*n**2 + 7*n + 1. Calculate the remainder when l(8) is divided by 18.
14
Let v = -98 + 201. Let a(d) = d**3 + 124*d**2 + 233*d - 1307. What is the remainder when v is divided by a(-122)?
33
Let d(i) = -2*i**2 + 11*i - 14 - i**2 + 4*i + 5*i**2. Let u be d(-11). Suppose 0 = -68*s + u*s + 45. Calculate the remainder when 36 is divided by s.
0
Suppose 103 = -x - 2*s + 132, 32 = 3*x - 5*s. What is the remainder when 758 is divided by x?
17
Let w(h) = -h**2 - 27*h + 94. Let b be w(-28). Calculate the remainder when 314 is divided by b - 2 - (3 - (8 + -5)).
58
Let m(o) = -27*o - 10. Let c be m(-4). Let s = c + -85. Let v(i) = i**3 + 8*i**2 - 3*i + 10. What is the remainder when v(-3) is divided by s?
12
Let g = 152 + -323. Calculate the remainder when 186 is divided by (-12)/32 - g/8.
18
Suppose -4*f + 4*i = -12, f + 1 = 4*i + 7. Suppose -f*a + 116 + 4 = 0. Let c = 